+ 4. Let w(i) = 4*i**2 + 8*i + 4. Let u(l) = -3*a(l) + 2*w(l). Give u(n).
0
Let u(z) = -z + 4. Let n be (-1)/3 + (-3)/(-9). Calculate u(n).
4
Let n(a) = -a - 1. Let l be n(2). Let j(i) = 2*i**2 - 3*i + 8*i + 3 + 0*i**2. What is j(l)?
6
Let c(o) = -o**2 - 4*o - 4. Let t(s) = s**3 + 6*s**2 - 3. Let h be t(-6). Give c(h).
-1
Let l(h) = h**2 - 5*h + 3. Suppose 0 = -5*f + 29 - 4. Suppose 4*n + 3*v - 12 = 5*v, 14 = f*n - 3*v. What is l(n)?
-1
Let u(g) be the second derivative of g**6/240 + g**5/120 + g**4/3 - 4*g. Let s(d) be the third derivative of u(d). Give s(1).
4
Let s(v) = 1 - 6*v - v**2 - 2 + v. Let j be s(-3). Let o(y) = -5*y - 16. Let k(i) = -3*i - 11. Let w(l) = -8*k(l) + 5*o(l). Give w(j).
3
Suppose 0 = 5*f - 7 - 3. Let b(k) = 3*k**2 - 2*k**2 - k**3 - k**2. Let y(j) = 7*j**3 - 2*j**2 + 2*j - 3. Let r(u) = -6*b(u) - y(u). Calculate r(f).
-1
Let l(z) = 6*z**2 - z - 1. Let k(s) = -12*s**2 + 3*s + 3. Let f(c) = 2*k(c) + 5*l(c). Let p be (-6)/3*(-2)/(-4). Give f(p).
6
Let l(b) = -3*b**2 + 2. Let k be (-2)/11 + (-100)/55. What is l(k)?
-10
Let b = 2 - -2. Let y be 2 + (b - 0) + -3. Let g(c) be the third derivative of c**6/120 - c**5/20 + c**4/12 - c**3/2 - c**2. Calculate g(y).
3
Let y(z) = -z**3 + 6*z**2 - 3. Let j be y(3). Let m be 2/(-12) + 4/j. Let p(w) = -3*w + m*w - w**2 + w. What is p(-2)?
0
Let z(i) be the second derivative of -i**5/20 + i**4/3 - 2*i**2 + 19*i. Calculate z(4).
-4
Suppose 1 = -v - 1. Let j be (-2)/(-2) - (v - -2). Let i(r) be the third derivative of r**6/30 - r**5/60 - 2*r**2. Determine i(j).
3
Let c be (4 + -2)*2/(-4). Let t(u) = -u**2 - 2*u - 1. Determine t(c).
0
Let d(m) = m**2 + 5*m + 4. Let r be d(-3). Let k(j) be the first derivative of -j**3/3 - j**2/2 - 1. What is k(r)?
-2
Suppose -4 = y - 3*j, -3 = -3*y - j + 15. Let x(g) = g**3 - 2*g**2 - 4*g**2 - g + 4*g + 0*g**2. Determine x(y).
-10
Suppose v - 4 = 2. Let h(d) = -d**3 + 6*d**2 + 2*d + 4. Give h(v).
16
Let z(s) = -6*s + 5 - 7*s + 6*s**2 + s**3 + 7*s. Give z(-7).
-2
Let w = -141/2 - -72. Let j(a) be the second derivative of 0 + 1/2*a**3 + w*a**2 - 2*a. What is j(-3)?
-6
Let p(f) = 6*f - 5. Let v(j) = -j. Let u(h) = p(h) + 5*v(h). Give u(-6).
-11
Let k(s) be the third derivative of -s**6/120 - 3*s**5/20 - 7*s**4/24 - s**3/6 - 38*s**2. Calculate k(-8).
-9
Let f be -2 - (-1 - (-2)/(-2)). Let r(y) = y**2 + y - 1. Let l(w) = -4*w**2 - 2*w - 3. Let i(t) = l(t) + 3*r(t). Calculate i(f).
-6
Suppose -3*c + 9 + 3 = 0. Let h = -6 + c. Let j(l) be the second derivative of l**4/6 + l**3/3 - l**2/2 - 3*l. Give j(h).
3
Suppose 0 = 4*i + 4*d - 8, -6 = -i + 3*d + 12. Suppose -12 = 2*j - i*j. Let s(k) = 2*k**2 - 3*k - 2. What is s(j)?
7
Let a(w) = -w - 2. Let j be a(-2). Let s(g) = 3 - 5 - g + j*g. Let h be s(-5). Let d(t) = -t**3 + t**2 + 5*t - 2. Calculate d(h).
-5
Let o(t) = t + 7. Let l be o(-4). Let a = 6 - l. Let x(i) = -i**3 + 3*i**2 - i - 1. Calculate x(a).
-4
Let d(q) = 9 + 10*q - 2*q**3 + 7*q**2 - q**3 + 4*q**3. What is d(-6)?
-15
Let w(k) be the third derivative of -k**4/12 - 7*k**3/6 - 8*k**2. Calculate w(-7).
7
Let u(y) = -y. Let c(s) = 5. Let t(g) = -c(g) + u(g). Let f be 2/(-16)*4*(4 + 6). What is t(f)?
0
Suppose 4*s = -0 + 4. Let k be 2 + (2/s)/2. Let d(r) = -r + 4 - k - r**3 + 0*r**3. What is d(0)?
1
Let v be (-2)/((-4)/(-30)*5). Let f(j) = 2*j. What is f(v)?
-6
Let t(y) = 5. Let p(f) be the second derivative of f**3/6 + 11*f**2/2 - 2*f. Let s(k) = 3*p(k) - 7*t(k). What is s(2)?
4
Let s(j) = j**3 + 3*j**2 - 7*j. Let y(d) = -d + 1. Let c(p) = s(p) - 4*y(p). Give c(-4).
-8
Let b(f) be the third derivative of f**5/10 + f**4/12 + f**3/6 + f**2. Let c(g) = -2*g**3 - 17*g**2 - 9*g - 9. Let l be c(-8). What is b(l)?
5
Let d(c) be the first derivative of c**3/3 + 3*c**2/2 - 2*c + 2. Let o be d(-4). Let t(p) = o*p - 2 - p + 1. Calculate t(-2).
-3
Let k = 10 - 17. Let h = k + 11. Let m(j) = 0 - h*j + 6*j - j + 3. Give m(3).
6
Let z(n) be the third derivative of n**4/8 - 5*n**3/6 - 9*n**2. Determine z(4).
7
Let l = 8 - 4. Let m = 0 + 0. Let u(o) = 2*o - 3 + 4 + 0 + m*o. Give u(l).
9
Let d(m) = 5*m + 1. Let j be 124/4 + 2 + -3. Let x be 1/2 + j/(-20). Give d(x).
-4
Suppose -2*h + 0 + 4 = 0. Let j(s) = s**2 - h - 3 - 6*s + 7 + 0*s**2. Let u = 11 + -6. What is j(u)?
-3
Let y(x) = x**2 + 1. Let d(s) = 3*s**2 - 3*s + 8. Let b(f) = -d(f) + 4*y(f). Determine b(-5).
6
Let g(q) = -2*q + 1. Let n(u) be the second derivative of u**3/6 - u**2/2 - 2*u. Let j(x) = -2*g(x) - 3*n(x). Let y(c) = c + 3. Let w be y(-6). Calculate j(w).
-2
Let w(u) = u**2 + 10*u + 7. Suppose s - 5*q + 2*q = 7, 0 = 3*s + 3*q + 39. Determine w(s).
-9
Let t = 6 + -4. Let f(z) = -2 - t*z + 1 + z + 2*z. Calculate f(-3).
-4
Let c(o) = o**2 - 4*o - 3. Let l(g) = 2*g**2 - 7*g - 7. Let x(y) = -5*c(y) + 2*l(y). Calculate x(6).
1
Let f(w) be the second derivative of w**5/20 - w**3/3 + w**2 - 25*w. Determine f(2).
6
Suppose -16 = -4*f - 0*f. Suppose q + 12 = -2*u - 0*q, f*q + 4 = 3*u. Let k(p) be the second derivative of p**5/20 + p**4/4 - p**3/2 + p**2 + p. Determine k(u).
-2
Let u(j) = -j**2 - 4*j + 5. Let q(k) = k**3 + 9*k**2 + k + 3. Let y be q(-9). Give u(y).
-7
Let t(l) = 7*l**3 - 3*l + 2. Let u be t(1). Suppose 7 = g - 0*g. Let y(z) = g + 0*z**2 - z + z**2 - 5*z. Calculate y(u).
7
Let w = -3 - 1. Let q be 32/56 + 10/7. Let h(g) = 10 - 3*g + 3*g**q - 10 - 6 + g**3. Give h(w).
-10
Let m(i) = -7*i**3 + 5*i**2 - 7*i + 1. Let f be (5/((-10)/8))/1. Let k(u) = 6*u**3 - 4*u**2 + 6*u - 1. Let g(z) = f*m(z) - 5*k(z). Determine g(1).
-3
Let s(p) = p. Let f(o) = -o + 3. Let u(n) = -f(n) - 6*s(n). Determine u(-4).
17
Let n(g) = g**3 + 2*g**2 + 2*g + 3. Let c = 0 + 4. Suppose -c*d + 32 = -0*d. Let v be 9/(-6)*d/6. Determine n(v).
-1
Let x be 5/(-3) + 1/(-3). Let y(c) be the first derivative of -11 + c**3 + 1/2*c**4 + 1/2*c**2 - c. Calculate y(x).
-7
Let t(w) = w**2 + 6*w + 1. Let l be t(-5). Let s be 1 + l + 2 - -4. Let c(a) = 1 - 3*a**2 - a - 2*a**2 + s*a. Determine c(-1).
-6
Let w(h) = -3*h**3 - 23*h**2 + 14*h - 23. Let k(c) = -c**3 - 8*c**2 + 5*c - 8. Let b(s) = 11*k(s) - 4*w(s). Give b(-5).
-16
Let t(g) be the second derivative of -5/2*g**2 + 1/12*g**4 + 2*g + 1/3*g**3 + 0. Let a be 1/(-7) + 81/(-21). Determine t(a).
3
Let w(m) = m**3 + 4*m**2 + 2*m + 1. Let b(x) = x**3 - 6*x**2 + 4*x - 5. Let u be b(5). Let s = u + 6. Give w(s).
-7
Let c(q) = -q**2 - 7*q + 1. Let o(h) = -h**2 - 1. Let m(w) = -c(w) + 2*o(w). Let n = 4 - 0. Suppose u = 2*z + 11, -n*z + 6 = 3*u - z. Calculate m(u).
7
Suppose -2*n - o + 12 = -3*o, 2*n = 5*o + 21. Let v(h) = 0*h + h**n + h**3 + h. Let m(c) = c**2 + 2*c - 1. Let u be m(-2). Calculate v(u).
-3
Let q(h) = h**3 - 4*h**2 + h - 4. Let b(r) = -r**2 + 3 - 7*r - 8*r**2 + 5*r**2 + 5*r**2. Let v be b(7). What is q(v)?
-10
Suppose 20*n = 18*n - 4. Let y(z) = 2*z + 3. Let a(j) = -j - 1. Let b(r) = -4*a(r) - y(r). What is b(n)?
-3
Let i(n) = -n - 3. Let k(f) = -f - 4. Let l(z) = -3*i(z) + 4*k(z). Let u = 20 - 7. Let v = 8 - u. Give l(v).
-2
Let b = -4 + 11. Suppose -8*j + b*j = -5. Let a(r) = j + 5*r - 2*r - 3*r - 2*r. Give a(4).
-3
Let j(c) = 5 - 3 - 28*c + 26*c. Suppose 0 = 5*i + 4*g - 13, 4*g - 7 - 3 = -2*i. Suppose 6 = -h - 4*v, 2*h - v = -4 + i. Determine j(h).
6
Let r be (1/(-2))/((-2)/48). Let v = r + -12. Let x(g) = -g**2 + g - 7. Let a(l) = 1. Let t(c) = -5*a(c) - x(c). Determine t(v).
2
Let u = -13 - -18. Suppose -3*n = -o - 10, u*o - 37 = -2*n - 2. Let w be (-12)/n + 2/5. Let y(m) = -2*m**2 + 2*m + 2. What is y(w)?
-10
Let n(u) = 2*u + 4. Let l(r) = -1. Let p(a) = -a + 1. Let i be p(-1). Let k(s) = i*l(s) - n(s). Give k(-4).
2
Let b(a) = 4*a**3 + 4*a**2 - 10*a - 5. Let m be 2/6 - 8/(-3). Let o(z) = -5*z**3 - 4*z**2 + 11*z + 5. Let f(s) = m*o(s) + 4*b(s). Determine f(-5).
5
Let j be 1/(0 + 1) + -2. Let a be 1/((-12)/(-10) + j). Let z(d) be the third derivative of -d**4/24 + 8*d**2. Calculate z(a).
-5
Let t be (-18)/(-15)*(-5)/(-2). Let p(k) = -17*k**2 - 3*k - 2. Let q(i) = -37*i**2 - 7*i - 4. Let c(j) = -13*p(j) + 6*q(j). Calculate c(t).
-16
Let u(q) = -7*q**2 - q. Suppose 0 = -2*c + c - 2*r - 5, -5*r = 15. Calculate u(c).
-8
Let a(t) = -t + 2. Let d be a(6). Let b = 1 - 1. Let q be 2/d*(0 + b). Let f(o) = -o**3 + o**2 - o. Determine f(q).
0
Suppose 2*r - 4*u = 8, -r - 2*r = 5*u - 12. Let l(a)